{"id":2,"date":"2016-05-10T03:48:21","date_gmt":"2016-05-10T03:48:21","guid":{"rendered":"http:\/\/wp452m.a10-52-158-154.qa.plesk.ru\/wordpress\/?page_id=2"},"modified":"2017-03-08T17:17:11","modified_gmt":"2017-03-08T17:17:11","slug":"sample-page","status":"publish","type":"page","link":"https:\/\/www.biogalenica.pt\/","title":{"rendered":"A BioGal\u00e9nica"},"content":{"rendered":"<p>A desenvolver formula\u00e7\u00f5es e tecnologias desde 1992, a Biogal\u00e9nica \u00e9 um laborat\u00f3rio de refer\u00eancia no mercado portugu\u00eas.<\/p>\n<p>A trabalhar sobre a al\u00e7ada do rigor e do cumprimento das Boas Pr\u00e1ticas de Fabrico, somos um laborat\u00f3rio dedicado ao desenvolvimento gal\u00e9nico, fabrico, acondicionamento e controlo da qualidade de especialidades nutraceuticas, suplementos alimentares e produtos cosm\u00e9ticos.<\/p>\n<p>Os elevados n\u00edveis de satisfa\u00e7\u00e3o dos nossos clientes, ditam a nossa miss\u00e3o di\u00e1ria de garantir a Qualidade, Seguran\u00e7a e Efici\u00eancia dos servi\u00e7os que nos s\u00e3o solicitados.<\/p>\n<p>Diferenciamo-nos no sector nutraceutico pelo elevado n\u00edvel de qualidade de produtos e servi\u00e7os, primando pelo empenho, rigor e transpar\u00eancia que nos caracteriza.<\/p>\n<p>Na vanguarda da investiga\u00e7\u00e3o e desenvolvimento, trabalhamos todos os dias para a sa\u00fade e bem estar das pessoas.<\/p>\n","protected":false},"excerpt":{"rendered":"<p>A desenvolver formula\u00e7\u00f5es e tecnologias desde 1992, a Biogal\u00e9nica \u00e9 um laborat\u00f3rio de refer\u00eancia no mercado portugu\u00eas. A trabalhar sobre a al\u00e7ada do rigor e do cumprimento das Boas Pr\u00e1ticas de Fabrico, somos um laborat\u00f3rio dedicado ao desenvolvimento gal\u00e9nico, fabrico, acondicionamento e controlo da qualidade de especialidades nutraceuticas, suplementos alimentares e produtos cosm\u00e9ticos. Os elevados [&hellip;]<\/p>\n","protected":false},"author":1,"featured_media":0,"parent":0,"menu_order":0,"comment_status":"closed","ping_status":"closed","template":"","meta":{"footnotes":""},"yoast_head":"<!-- This site is optimized with the Yoast SEO plugin v20.1 - https:\/\/yoast.com\/wordpress\/plugins\/seo\/ -->\n<title>A BioGal\u00e9nica - BioG\u00e1lenica<\/title>\n<meta name=\"robots\" content=\"index, follow, max-snippet:-1, max-image-preview:large, max-video-preview:-1\" \/>\n<link rel=\"canonical\" href=\"https:\/\/www.biogalenica.pt\/\" \/>\n<meta property=\"og:locale\" content=\"pt_PT\" \/>\n<meta property=\"og:type\" content=\"article\" \/>\n<meta property=\"og:title\" content=\"A BioGal\u00e9nica - BioG\u00e1lenica\" \/>\n<meta property=\"og:description\" content=\"A desenvolver formula\u00e7\u00f5es e tecnologias desde 1992, a Biogal\u00e9nica \u00e9 um laborat\u00f3rio de refer\u00eancia no mercado portugu\u00eas. A trabalhar sobre a al\u00e7ada do rigor e do cumprimento das Boas Pr\u00e1ticas de Fabrico, somos um laborat\u00f3rio dedicado ao desenvolvimento gal\u00e9nico, fabrico, acondicionamento e controlo da qualidade de especialidades nutraceuticas, suplementos alimentares e produtos cosm\u00e9ticos. Os elevados [&hellip;]\" \/>\n<meta property=\"og:url\" content=\"https:\/\/www.biogalenica.pt\/\" \/>\n<meta property=\"og:site_name\" content=\"BioG\u00e1lenica\" \/>\n<meta property=\"article:modified_time\" content=\"2017-03-08T17:17:11+00:00\" \/>\n<meta name=\"twitter:card\" content=\"summary_large_image\" \/>\n<meta name=\"twitter:label1\" content=\"Tempo estimado de leitura\" \/>\n\t<meta name=\"twitter:data1\" content=\"1 minuto\" \/>\n<script type=\"application\/ld+json\" class=\"yoast-schema-graph\">{\"@context\":\"https:\/\/schema.org\",\"@graph\":[{\"@type\":\"WebPage\",\"@id\":\"https:\/\/www.biogalenica.pt\/\",\"url\":\"https:\/\/www.biogalenica.pt\/\",\"name\":\"A BioGal\u00e9nica - BioG\u00e1lenica\",\"isPartOf\":{\"@id\":\"https:\/\/www.biogalenica.pt\/#website\"},\"datePublished\":\"2016-05-10T03:48:21+00:00\",\"dateModified\":\"2017-03-08T17:17:11+00:00\",\"breadcrumb\":{\"@id\":\"https:\/\/www.biogalenica.pt\/#breadcrumb\"},\"inLanguage\":\"pt-PT\",\"potentialAction\":[{\"@type\":\"ReadAction\",\"target\":[\"https:\/\/www.biogalenica.pt\/\"]}]},{\"@type\":\"BreadcrumbList\",\"@id\":\"https:\/\/www.biogalenica.pt\/#breadcrumb\",\"itemListElement\":[{\"@type\":\"ListItem\",\"position\":1,\"name\":\"In\u00edcio\",\"item\":\"https:\/\/www.biogalenica.pt\/\"},{\"@type\":\"ListItem\",\"position\":2,\"name\":\"A BioGal\u00e9nica\"}]},{\"@type\":\"WebSite\",\"@id\":\"https:\/\/www.biogalenica.pt\/#website\",\"url\":\"https:\/\/www.biogalenica.pt\/\",\"name\":\"BioG\u00e1lenica\",\"description\":\"\",\"publisher\":{\"@id\":\"https:\/\/www.biogalenica.pt\/#organization\"},\"potentialAction\":[{\"@type\":\"SearchAction\",\"target\":{\"@type\":\"EntryPoint\",\"urlTemplate\":\"https:\/\/www.biogalenica.pt\/?s={search_term_string}\"},\"query-input\":\"required name=search_term_string\"}],\"inLanguage\":\"pt-PT\"},{\"@type\":\"Organization\",\"@id\":\"https:\/\/www.biogalenica.pt\/#organization\",\"name\":\"Biogal\u00e9nica\",\"url\":\"https:\/\/www.biogalenica.pt\/\",\"logo\":{\"@type\":\"ImageObject\",\"inLanguage\":\"pt-PT\",\"@id\":\"https:\/\/www.biogalenica.pt\/#\/schema\/logo\/image\/\",\"url\":\"https:\/\/www.biogalenica.pt\/wp-content\/uploads\/2017\/04\/cropped-logo-big.png\",\"contentUrl\":\"https:\/\/www.biogalenica.pt\/wp-content\/uploads\/2017\/04\/cropped-logo-big.png\",\"width\":160,\"height\":55,\"caption\":\"Biogal\u00e9nica\"},\"image\":{\"@id\":\"https:\/\/www.biogalenica.pt\/#\/schema\/logo\/image\/\"}}]}<\/script>\n<!-- \/ Yoast SEO plugin. -->","yoast_head_json":{"title":"A BioGal\u00e9nica - BioG\u00e1lenica","robots":{"index":"index","follow":"follow","max-snippet":"max-snippet:-1","max-image-preview":"max-image-preview:large","max-video-preview":"max-video-preview:-1"},"canonical":"https:\/\/www.biogalenica.pt\/","og_locale":"pt_PT","og_type":"article","og_title":"A BioGal\u00e9nica - BioG\u00e1lenica","og_description":"A desenvolver formula\u00e7\u00f5es e tecnologias desde 1992, a Biogal\u00e9nica \u00e9 um laborat\u00f3rio de refer\u00eancia no mercado portugu\u00eas. A trabalhar sobre a al\u00e7ada do rigor e do cumprimento das Boas Pr\u00e1ticas de Fabrico, somos um laborat\u00f3rio dedicado ao desenvolvimento gal\u00e9nico, fabrico, acondicionamento e controlo da qualidade de especialidades nutraceuticas, suplementos alimentares e produtos cosm\u00e9ticos. Os elevados [&hellip;]","og_url":"https:\/\/www.biogalenica.pt\/","og_site_name":"BioG\u00e1lenica","article_modified_time":"2017-03-08T17:17:11+00:00","twitter_card":"summary_large_image","twitter_misc":{"Tempo estimado de leitura":"1 minuto"},"schema":{"@context":"https:\/\/schema.org","@graph":[{"@type":"WebPage","@id":"https:\/\/www.biogalenica.pt\/","url":"https:\/\/www.biogalenica.pt\/","name":"A BioGal\u00e9nica - BioG\u00e1lenica","isPartOf":{"@id":"https:\/\/www.biogalenica.pt\/#website"},"datePublished":"2016-05-10T03:48:21+00:00","dateModified":"2017-03-08T17:17:11+00:00","breadcrumb":{"@id":"https:\/\/www.biogalenica.pt\/#breadcrumb"},"inLanguage":"pt-PT","potentialAction":[{"@type":"ReadAction","target":["https:\/\/www.biogalenica.pt\/"]}]},{"@type":"BreadcrumbList","@id":"https:\/\/www.biogalenica.pt\/#breadcrumb","itemListElement":[{"@type":"ListItem","position":1,"name":"In\u00edcio","item":"https:\/\/www.biogalenica.pt\/"},{"@type":"ListItem","position":2,"name":"A BioGal\u00e9nica"}]},{"@type":"WebSite","@id":"https:\/\/www.biogalenica.pt\/#website","url":"https:\/\/www.biogalenica.pt\/","name":"BioG\u00e1lenica","description":"","publisher":{"@id":"https:\/\/www.biogalenica.pt\/#organization"},"potentialAction":[{"@type":"SearchAction","target":{"@type":"EntryPoint","urlTemplate":"https:\/\/www.biogalenica.pt\/?s={search_term_string}"},"query-input":"required name=search_term_string"}],"inLanguage":"pt-PT"},{"@type":"Organization","@id":"https:\/\/www.biogalenica.pt\/#organization","name":"Biogal\u00e9nica","url":"https:\/\/www.biogalenica.pt\/","logo":{"@type":"ImageObject","inLanguage":"pt-PT","@id":"https:\/\/www.biogalenica.pt\/#\/schema\/logo\/image\/","url":"https:\/\/www.biogalenica.pt\/wp-content\/uploads\/2017\/04\/cropped-logo-big.png","contentUrl":"https:\/\/www.biogalenica.pt\/wp-content\/uploads\/2017\/04\/cropped-logo-big.png","width":160,"height":55,"caption":"Biogal\u00e9nica"},"image":{"@id":"https:\/\/www.biogalenica.pt\/#\/schema\/logo\/image\/"}}]}},"_links":{"self":[{"href":"https:\/\/www.biogalenica.pt\/index.php?rest_route=\/wp\/v2\/pages\/2"}],"collection":[{"href":"https:\/\/www.biogalenica.pt\/index.php?rest_route=\/wp\/v2\/pages"}],"about":[{"href":"https:\/\/www.biogalenica.pt\/index.php?rest_route=\/wp\/v2\/types\/page"}],"author":[{"embeddable":true,"href":"https:\/\/www.biogalenica.pt\/index.php?rest_route=\/wp\/v2\/users\/1"}],"replies":[{"embeddable":true,"href":"https:\/\/www.biogalenica.pt\/index.php?rest_route=%2Fwp%2Fv2%2Fcomments&post=2"}],"version-history":[{"count":9,"href":"https:\/\/www.biogalenica.pt\/index.php?rest_route=\/wp\/v2\/pages\/2\/revisions"}],"predecessor-version":[{"id":147,"href":"https:\/\/www.biogalenica.pt\/index.php?rest_route=\/wp\/v2\/pages\/2\/revisions\/147"}],"wp:attachment":[{"href":"https:\/\/www.biogalenica.pt\/index.php?rest_route=%2Fwp%2Fv2%2Fmedia&parent=2"}],"curies":[{"name":"wp","href":"https:\/\/api.w.org\/{rel}","templated":true}]}}